e
Let i(u) = u**3 + 33*u**2 + 7*u - 30. Suppose 0 = -2*k - 10, 2*k + 5 = -2*a + 1. Suppose 3*l + 53 = -5*z, 64 = -6*z + 2*z + a*l. Is i(z) a composite number?
False
Let i be 9/5 + (-54)/(-45). Suppose i*t - 312 = -3*k, -4*k - 55*t = -57*t - 428. Is k a composite number?
True
Let l be 4317/7 - 16/(-56). Suppose 0 = -3*s + l + 1834. Suppose 4*p - k - s = 0, 5*p - 2*k - 160 = 859. Is p a prime number?
False
Let m(v) = v**3 - v**2 - 5*v. Let k be m(4). Suppose z - 90 = 2*p, 0 = z + 4*p - k - 32. Suppose 6*i + 2*i = z. Is i a prime number?
False
Let t(m) = -3*m**2 - 23*m - 14. Let x be t(-7). Suppose x = 5*b + 6092 + 29228. Let y = -3351 - b. Is y composite?
True
Let b = -109848 + 230599. Is b composite?
True
Suppose 53*t - 16583 = 52*t - 3*p, -t - 2*p + 16589 = 0. Is t composite?
True
Let j = 31619 - 13676. Is j a prime number?
False
Let x(q) be the first derivative of -8 + 28*q - 1/4*q**4 - 25/2*q**2 - 20/3*q**3. Is x(-19) composite?
True
Suppose 6356 + 6824 = -3*b - 5*j, 4*j = 5*b + 21979. Is 0 - (b - (-6 - -4)) composite?
True
Let o be -2*(-4 + 7/2) - 58. Let p = -46 - o. Suppose 0 = 18*t - p*t - 1659. Is t a composite number?
True
Suppose -43317 = -9*h + 22572. Suppose 0 = 2*g - 5*q - 4892, 3*g + 8*q - 7*q = h. Is g a composite number?
False
Let r(k) = -22*k + 86317. Let u be r(0). Suppose 0 = -28*v + u + 320047. Is v a composite number?
True
Let u = 574 - -7347. Is u prime?
False
Let s be (2451842/(-136))/((-1)/4). Is s - (5 + 4 + -3) composite?
True
Suppose 0 = f + 1 + 3. Let d be ((-2)/f)/((-18)/(-216)). Suppose d*k + 2709 = 15*k. Is k composite?
True
Let j(h) = 40*h**3 + h**2 - 2*h + 3. Let p = 118 + -116. Let v be j(p). Suppose -414 = -z + v. Is z prime?
False
Let o be ((-8)/(-16))/((-2)/48). Is ((-28467)/o)/(5/(-10))*-2 prime?
False
Let j be (-4)/(-6) + (-56991)/(-9). Suppose j = 245*c - 242*c. Is c prime?
True
Suppose x = -6 + 4, u - 2908 = 5*x. Suppose u = 17*a + a. Is a prime?
False
Let s(t) = 12*t - 65. Suppose 12 + 52 = 2*l - 5*v, -2*l = v - 64. Is s(l) composite?
True
Let n(r) be the third derivative of r**4/6 - 3*r**3 - 17*r**2. Let o be n(5). Suppose -5*a = -y - 193 - 77, -o*a + y + 111 = 0. Is a a composite number?
False
Suppose -72 = -a - 73, 3*a - 29146 = -r. Is r a prime number?
False
Let k = 31 + 4. Suppose 11*n + k = 5*u + 6*n, -n = u - 5. Suppose 0 = -u*r - 1684 + 8728. Is r a prime number?
False
Suppose b = 3*j - 30778, 5*j + 110*b = 107*b + 51292. Is j prime?
True
Let q(u) = -u + 22. Let n be q(13). Let x(v) = 45*v**2 - 7*v + 12. Let d be x(5). Suppose n*y = 320 + d. Is y a prime number?
False
Let z = 30990 - -821. Is z composite?
True
Suppose -292107 - 240148 = -3*c + 5*r, -c + 177445 = 5*r. Suppose 0 = -5*h + 20, 0 = -6*b + 11*b - 5*h - c. Is b prime?
False
Suppose -37*f + 511794 = -33*f - 5*m, -2*f + m = -255900. Is f composite?
False
Suppose 38*z - 36*z + 12 = 0, -z = o - 1491541. Is o a prime number?
True
Suppose 94779 = 4*v + 5*v. Let j = -3878 + v. Is j a prime number?
True
Is ((-625888)/64)/(-3 + (-15)/(-6)) prime?
True
Let c(h) = h**3 + 11*h**2 + 28*h + 4. Let g be c(-4). Suppose -g*u = -14*j + 16*j - 36516, 0 = -5*u - 2*j + 45647. Is u composite?
True
Suppose 7*k + 39738 = 215949. Let q = k + -6620. Is q composite?
False
Let a(l) = l**2 + 13*l + 18. Let t be a(-10). Let r = -9 - t. Suppose 0*c = r*c - 3207. Is c a prime number?
True
Suppose 3*q - 13 = 4*v + 14, 2*v = -6. Suppose -q*b - z - 3*z = -34897, -2*b + 13942 = -4*z. Is b a prime number?
True
Let p = -532671 + 1027810. Is p a prime number?
True
Suppose -2 - 2 = -2*o, -2*s - 10 = 5*o. Let b be 8 - (-5)/(s/8). Suppose -1233 = -3*t - b*z, 398 = t - 5*z + 2*z. Is t a prime number?
False
Suppose -2*q - 2*y + 127316 = 0, 0 = -4*q + 7*q - 5*y - 190982. Is q a prime number?
True
Is (4417301/(-14) + -17)*8/(-6) prime?
False
Let c(r) = r**2 + 22*r + 2. Let n be c(-22). Suppose -n*j + 28410 = j. Suppose 10*b - 5*b = j. Is b a composite number?
True
Let p = 56502 + 66821. Is p a composite number?
False
Let i(w) = w**2 - 4*w + 4. Let r be i(0). Suppose 0 = r*o + 2621 - 853. Let q = -111 - o. Is q composite?
False
Suppose -8 = -5*x - 18, -2*j - 5*x = -1111636. Is j a prime number?
True
Suppose -5*f = 2*f. Suppose f = -5*s + 58 - 38. Is 1214/14 - s/(-14) a composite number?
True
Let m(a) = a**2 + 5*a - 40. Let d be m(-9). Let w be (-137)/d - 105/84. Let g = w + 133. Is g composite?
True
Let v = -64 - -132. Let q(f) = -v*f - 13*f + 30*f + 5 - 51*f. Is q(-4) a composite number?
True
Let i(u) = u**3 + 5*u**2 + 2*u - 7. Let k be i(-3). Suppose -t - 87 = -2*r, -k*t = 2*r - 4*t - 93. Suppose 4*j + 2710 = s + r, s - j = 2659. Is s prime?
True
Let u(v) = -4*v + 55. Let a be u(10). Suppose 0 = -19*x - a*x + 6902. Is x prime?
False
Suppose -2*v - 2709 = 3*b - 21563, 3*b = -4*v + 18844. Let i = b + 2967. Is 2/4 - (6 - i/6) prime?
False
Let u be (1 + -4 + 2)/1. Let p be (-58725)/(-12) + u + (-9)/(-36). Let q = 1970 + p. Is q a prime number?
True
Let n be 1*29196 - (-60)/(-30). Let k = n + -18321. Is k a composite number?
True
Suppose 11*s - 15*s + 2*x + 641756 = 0, 5*x - 481343 = -3*s. Is s a composite number?
False
Let j be (-2 - 14/(-6)) + 15433/33. Suppose 0*r - 3*x + 801 = 3*r, -2*x = 4*r - 1064. Let z = j - r. Is z prime?
False
Is -1*10/((-60)/1847574)*(2 + -1) a composite number?
True
Suppose -6*x = -25*x + 79914. Is x/8 - 20/(-16) composite?
True
Let k(t) = -t + 3. Let m be k(3). Let v = 17774 - 17772. Suppose -v*r + 238 + 264 = m. Is r a composite number?
False
Is 1576453/5 + 1 + (-1248)/2080 a composite number?
True
Let y = 319940 + 76725. Is y a prime number?
False
Let m = -40469 + 250048. Is m composite?
False
Let y(f) = 393*f**2 - 6*f + 5. Let c be y(3). Suppose 3*r + c = -n + 5*r, -5*n - 2*r = 17584. Is n/(-12) + (-2)/12 a prime number?
True
Suppose 0*f - 5*f - 5840 = 5*o, 0 = 2*o + 4*f + 2344. Let v = 2381 + o. Is v prime?
True
Let f(l) = -20*l - 5. Let z(b) = b. Let p(h) = f(h) + 30*z(h). Let s be p(7). Is (s/5)/(2/118) prime?
False
Suppose 387*q + 309580 = 407*q. Is q a prime number?
False
Let n(j) = -2*j**3 + 16*j**2 + 21*j - 19. Let l be n(9). Is ((-12)/(-9))/(l/57396) a composite number?
True
Suppose -25039313 = -186*v + 4698925. Is v composite?
True
Suppose 6*i = 3*q - 38181, 7*q - 8*q + 12729 = -i. Is q a prime number?
False
Suppose 345*h - 5192 = 337*h. Suppose 5685 - h = 4*a. Is a composite?
False
Let p = -672 - -665. Let w(d) = 153*d**2 - 17*d - 73. Is w(p) a prime number?
False
Suppose -y + 5*y + 18 = v, 0 = -4*v + 2*y + 128. Suppose -v*l + 29*l = -8435. Is l a composite number?
True
Suppose 0 = -66*f + 177*f - 312465. Is f prime?
False
Let u(k) = -k**3 + 50*k**2 + 9*k + 59. Let y(s) = -2*s**3 + s**2 - 1. Let x(f) = -u(f) + 2*y(f). Is x(-22) composite?
False
Is (-35371806)/(-57)*(1 + 2/(-4)) a prime number?
False
Let z(y) = y**3 + 66*y**2 - 214*y - 43. Is z(-68) a prime number?
True
Let j be -2 + 6 - (1 + 1). Let u be 3/((-3)/(-5)) - (j + -1). Suppose -1765 - 4079 = -u*z. Is z composite?
True
Let w(u) = 4*u**2 + u - 2. Let g(o) = -2*o + 15. Let b be g(7). Let z be w(b). Suppose -z*m + 819 = -255. Is m prime?
False
Let k = -2937003 + 4525312. Is k a prime number?
True
Let b be (2 - 6)*(-25)/20. Suppose -5*f + 2567 = -4*x, -b*x - 3*f - 3265 = 2*f. Is -1 - (x + -1) - 1 a composite number?
False
Suppose -2*m - 3*m = 5, -2*d - 4*m = -107802. Is d composite?
True
Suppose 4*z = 5*o - 1122573, 5*o - 1122557 = -9*z + 5*z. Is o a composite number?
False
Suppose -4*b = -5*o - 187, 0 = -o + 6*o - 5. Suppose -b = -i - 36. Is (-2*33/i)/((-1)/74) a composite number?
True
Let u(t) = -t**3 + 35*t**2 - 58*t + 17. Let y be u(33). Suppose -3*o = -4*s - 7*o + 364, y = 3*s - 5*o. Let f = 1115 + s. Is f a composite number?
True
Suppose 0 = -2*u - 3*p - 0 + 19, 0 = -3*p + 15. Suppose 2*o + u*o + 2*n = 11062, -5*o + 3*n = -13844. Is o a composite number?
False
Suppose 5*p - 2*p - 9 = 0. Suppose -4*c + 8 = -2*h, -c - 12 = -0*c + p*h. Suppose 0*f + f + 4*o - 747 = c, 4*f - 2944 = -5*o. Is f a composite number?
True
Suppose f + 189837 = 4*t, 0 = 3*t - f - 33495 - 108883. Is t a composite number?
False
Suppose -2*u - 25 = -5*u - 5*o, 4*o - 20 = u. Suppose 361*j - 350*j - 25762 = u. Is j a prime number?
False
Is (-7 - 102/(-12)) + (-86673)/(-6) composite?
False
Let d(t) be the fir